{"id":436,"date":"2022-02-20T19:34:45","date_gmt":"2022-02-20T19:34:45","guid":{"rendered":"https:\/\/kragerokystlag.no\/?page_id=436"},"modified":"2022-02-20T20:03:42","modified_gmt":"2022-02-20T20:03:42","slug":"smabater","status":"publish","type":"page","link":"https:\/\/kragerokystlag.no\/?page_id=436","title":{"rendered":"Sm\u00e5b\u00e5ter"},"content":{"rendered":"<span itemprop=\"description\">\n<p>Vinteren 2017\/18 ble det startet bygging av pram p\u00e5 Hellesund. N\u00e5 har den ligget p\u00e5 vent til at man kan fortsette byggingen n\u00e5r Tallakshavn er klar. Bare \u00e5 bli med p\u00e5 videre bygging !<\/p>\n\n\n\n<p>Her er noen bilder fra Hellesund:<\/p>\n\n\n\n<figure class=\"wp-block-gallery has-nested-images columns-default is-cropped wp-block-gallery-1 is-layout-flex wp-block-gallery-is-layout-flex\">\n<figure class=\"wp-block-image size-large\"><img loading=\"lazy\" decoding=\"async\" width=\"400\" height=\"265\" data-id=\"168\" src=\"https:\/\/kragerokystlag.no\/wp-content\/uploads\/2022\/01\/mik-2895.jpg\" alt=\"\" class=\"wp-image-168\" srcset=\"https:\/\/kragerokystlag.no\/wp-content\/uploads\/2022\/01\/mik-2895.jpg 400w, https:\/\/kragerokystlag.no\/wp-content\/uploads\/2022\/01\/mik-2895-300x199.jpg 300w\" sizes=\"auto, (max-width: 400px) 100vw, 400px\" \/><\/figure>\n\n\n\n<figure class=\"wp-block-image size-large\"><img loading=\"lazy\" decoding=\"async\" width=\"400\" height=\"265\" data-id=\"166\" src=\"https:\/\/kragerokystlag.no\/wp-content\/uploads\/2022\/01\/mik-2890.jpg\" alt=\"\" class=\"wp-image-166\" srcset=\"https:\/\/kragerokystlag.no\/wp-content\/uploads\/2022\/01\/mik-2890.jpg 400w, https:\/\/kragerokystlag.no\/wp-content\/uploads\/2022\/01\/mik-2890-300x199.jpg 300w\" sizes=\"auto, (max-width: 400px) 100vw, 400px\" \/><\/figure>\n\n\n\n<figure class=\"wp-block-image size-large\"><img loading=\"lazy\" decoding=\"async\" width=\"400\" height=\"265\" data-id=\"167\" src=\"https:\/\/kragerokystlag.no\/wp-content\/uploads\/2022\/01\/mik-2893.jpg\" alt=\"\" class=\"wp-image-167\" srcset=\"https:\/\/kragerokystlag.no\/wp-content\/uploads\/2022\/01\/mik-2893.jpg 400w, https:\/\/kragerokystlag.no\/wp-content\/uploads\/2022\/01\/mik-2893-300x199.jpg 300w\" sizes=\"auto, (max-width: 400px) 100vw, 400px\" \/><\/figure>\n\n\n\n<figure class=\"wp-block-image size-large\"><img loading=\"lazy\" decoding=\"async\" width=\"400\" height=\"265\" data-id=\"169\" src=\"https:\/\/kragerokystlag.no\/wp-content\/uploads\/2022\/01\/mik-3067.jpg\" alt=\"\" class=\"wp-image-169\" srcset=\"https:\/\/kragerokystlag.no\/wp-content\/uploads\/2022\/01\/mik-3067.jpg 400w, https:\/\/kragerokystlag.no\/wp-content\/uploads\/2022\/01\/mik-3067-300x199.jpg 300w\" sizes=\"auto, (max-width: 400px) 100vw, 400px\" \/><\/figure>\n\n\n\n<figure class=\"wp-block-image size-large\"><img loading=\"lazy\" decoding=\"async\" width=\"400\" height=\"265\" data-id=\"175\" src=\"https:\/\/kragerokystlag.no\/wp-content\/uploads\/2022\/01\/mik-3168.jpg\" alt=\"\" class=\"wp-image-175\" srcset=\"https:\/\/kragerokystlag.no\/wp-content\/uploads\/2022\/01\/mik-3168.jpg 400w, https:\/\/kragerokystlag.no\/wp-content\/uploads\/2022\/01\/mik-3168-300x199.jpg 300w\" sizes=\"auto, (max-width: 400px) 100vw, 400px\" \/><\/figure>\n\n\n\n<figure class=\"wp-block-image size-large\"><img loading=\"lazy\" decoding=\"async\" width=\"400\" height=\"265\" data-id=\"176\" src=\"https:\/\/kragerokystlag.no\/wp-content\/uploads\/2022\/01\/mik-3169.jpg\" alt=\"\" class=\"wp-image-176\" srcset=\"https:\/\/kragerokystlag.no\/wp-content\/uploads\/2022\/01\/mik-3169.jpg 400w, https:\/\/kragerokystlag.no\/wp-content\/uploads\/2022\/01\/mik-3169-300x199.jpg 300w\" sizes=\"auto, (max-width: 400px) 100vw, 400px\" \/><\/figure>\n\n\n\n<figure class=\"wp-block-image size-large\"><img loading=\"lazy\" decoding=\"async\" width=\"400\" height=\"265\" data-id=\"174\" src=\"https:\/\/kragerokystlag.no\/wp-content\/uploads\/2022\/01\/mik-3167.jpg\" alt=\"\" class=\"wp-image-174\" srcset=\"https:\/\/kragerokystlag.no\/wp-content\/uploads\/2022\/01\/mik-3167.jpg 400w, https:\/\/kragerokystlag.no\/wp-content\/uploads\/2022\/01\/mik-3167-300x199.jpg 300w\" sizes=\"auto, (max-width: 400px) 100vw, 400px\" \/><\/figure>\n\n\n\n<figure class=\"wp-block-image size-large\"><img loading=\"lazy\" decoding=\"async\" width=\"400\" height=\"265\" data-id=\"171\" src=\"https:\/\/kragerokystlag.no\/wp-content\/uploads\/2022\/01\/mik-3069.jpg\" alt=\"\" class=\"wp-image-171\" srcset=\"https:\/\/kragerokystlag.no\/wp-content\/uploads\/2022\/01\/mik-3069.jpg 400w, https:\/\/kragerokystlag.no\/wp-content\/uploads\/2022\/01\/mik-3069-300x199.jpg 300w\" sizes=\"auto, (max-width: 400px) 100vw, 400px\" \/><\/figure>\n\n\n\n<figure class=\"wp-block-image size-large\"><img loading=\"lazy\" decoding=\"async\" width=\"400\" height=\"265\" data-id=\"170\" src=\"https:\/\/kragerokystlag.no\/wp-content\/uploads\/2022\/01\/mik-3068_1.jpg\" alt=\"\" class=\"wp-image-170\" srcset=\"https:\/\/kragerokystlag.no\/wp-content\/uploads\/2022\/01\/mik-3068_1.jpg 400w, https:\/\/kragerokystlag.no\/wp-content\/uploads\/2022\/01\/mik-3068_1-300x199.jpg 300w\" sizes=\"auto, (max-width: 400px) 100vw, 400px\" \/><\/figure>\n<\/figure>\n<span>","protected":false},"excerpt":{"rendered":"<p class=\"excerpt\"><span itemprop=\"description\">Vinteren 2017\/18 ble det startet bygging av pram p\u00e5 Hellesund. N\u00e5 har den ligget p\u00e5 vent til at man kan fortsette byggingen n\u00e5r Tallakshavn er klar. Bare \u00e5 bli med p\u00e5 videre bygging ! Her er noen bilder fra Hellesund:<\/span><\/p>\n<p class=\"more-link-p btn-align-left\"><a class=\"green zoom-btn\" href=\"https:\/\/kragerokystlag.no\/?page_id=436\">Read More<\/a><\/p>\n","protected":false},"author":2,"featured_media":0,"parent":0,"menu_order":0,"comment_status":"closed","ping_status":"closed","template":"templates\/template-full-width.php","meta":{"footnotes":""},"class_list":["post-436","page","type-page","status-publish","hentry"],"_links":{"self":[{"href":"https:\/\/kragerokystlag.no\/index.php?rest_route=\/wp\/v2\/pages\/436","targetHints":{"allow":["GET"]}}],"collection":[{"href":"https:\/\/kragerokystlag.no\/index.php?rest_route=\/wp\/v2\/pages"}],"about":[{"href":"https:\/\/kragerokystlag.no\/index.php?rest_route=\/wp\/v2\/types\/page"}],"author":[{"embeddable":true,"href":"https:\/\/kragerokystlag.no\/index.php?rest_route=\/wp\/v2\/users\/2"}],"replies":[{"embeddable":true,"href":"https:\/\/kragerokystlag.no\/index.php?rest_route=%2Fwp%2Fv2%2Fcomments&post=436"}],"version-history":[{"count":0,"href":"https:\/\/kragerokystlag.no\/index.php?rest_route=\/wp\/v2\/pages\/436\/revisions"}],"wp:attachment":[{"href":"https:\/\/kragerokystlag.no\/index.php?rest_route=%2Fwp%2Fv2%2Fmedia&parent=436"}],"curies":[{"name":"wp","href":"https:\/\/api.w.org\/{rel}","templated":true}]}}