{"id":41,"date":"2022-01-05T17:20:03","date_gmt":"2022-01-05T17:20:03","guid":{"rendered":"https:\/\/kragerokystlag.no\/?page_id=41"},"modified":"2025-05-14T09:55:21","modified_gmt":"2025-05-14T09:55:21","slug":"medlemsinfo","status":"publish","type":"page","link":"https:\/\/kragerokystlag.no\/?page_id=41","title":{"rendered":"Medlemsinfo"},"content":{"rendered":"<span itemprop=\"description\">\n<p>Kystlagets form\u00e5l<\/p>\n\n\n\n<p>-Fremme bevaring og allmenn bruk av tradisjonelle fart\u00f8yer, bygninger, anlegg og kystmilj\u00f8 for\u00f8vrig<br>-Drive opplysningsarbeid for \u00e5 \u00f8ke forst\u00e5elsen for verdien av menneskelige og kulturelle tradisjoner i kysthistorien<br>-Vedlikeholde og utvikle tradisjoner i n\u00e6ring og h\u00e5ndverk<br>-\u00d8ke den faglige standard i vedlikehold og sikkerhet ved bruken av fart\u00f8yer og anlegg<br>&nbsp;<br><br>&nbsp;&nbsp;&nbsp; Meld deg inn! V\u00e6r med p\u00e5 \u00e5 p\u00e5virke utviklingen !<br>&nbsp;&nbsp;&nbsp; Kystlaget trenger medlemmer.&nbsp;&nbsp;<br><br>&nbsp; &nbsp; &nbsp; &nbsp; &nbsp; &nbsp; &nbsp; &nbsp; &nbsp; &nbsp; &nbsp; &nbsp; &nbsp;Klikk her:&nbsp;<strong><a href=\"https:\/\/kysten.no\/bli-medlem\">https:\/\/kysten.no\/bli-medlem<\/a><\/strong>:<\/p>\n\n\n\n<p><\/p>\n\n\n\n<div class=\"wp-block-buttons is-layout-flex wp-block-buttons-is-layout-flex\">\n<div class=\"wp-block-button\"><a class=\"wp-block-button__link wp-element-button\" href=\"https:\/\/kragerokystlag.no\/?page_id=1187\">Se dokumenter og referater<\/a><\/div>\n<\/div>\n\n\n\n<p><\/p>\n<span>","protected":false},"excerpt":{"rendered":"<p class=\"excerpt\"><span itemprop=\"description\">Kystlagets form\u00e5l -Fremme bevaring og allmenn bruk av tradisjonelle fart\u00f8yer, bygninger, anlegg og kystmilj\u00f8 for\u00f8vrig-Drive opplysningsarbeid for \u00e5 \u00f8ke forst\u00e5elsen for verdien av menneskelige og kulturelle tradisjoner i kysthistorien-Vedlikeholde og utvikle tradisjoner i n\u00e6ring og h\u00e5ndverk-\u00d8ke den faglige standard i vedlikehold og sikkerhet ved bruken&hellip;<\/span><\/p>\n<p class=\"more-link-p btn-align-left\"><a class=\"green zoom-btn\" href=\"https:\/\/kragerokystlag.no\/?page_id=41\">Read More<\/a><\/p>\n","protected":false},"author":10,"featured_media":0,"parent":0,"menu_order":0,"comment_status":"closed","ping_status":"closed","template":"templates\/template-full-width.php","meta":{"footnotes":""},"class_list":["post-41","page","type-page","status-publish","hentry"],"_links":{"self":[{"href":"https:\/\/kragerokystlag.no\/index.php?rest_route=\/wp\/v2\/pages\/41","targetHints":{"allow":["GET"]}}],"collection":[{"href":"https:\/\/kragerokystlag.no\/index.php?rest_route=\/wp\/v2\/pages"}],"about":[{"href":"https:\/\/kragerokystlag.no\/index.php?rest_route=\/wp\/v2\/types\/page"}],"author":[{"embeddable":true,"href":"https:\/\/kragerokystlag.no\/index.php?rest_route=\/wp\/v2\/users\/10"}],"replies":[{"embeddable":true,"href":"https:\/\/kragerokystlag.no\/index.php?rest_route=%2Fwp%2Fv2%2Fcomments&post=41"}],"version-history":[{"count":0,"href":"https:\/\/kragerokystlag.no\/index.php?rest_route=\/wp\/v2\/pages\/41\/revisions"}],"wp:attachment":[{"href":"https:\/\/kragerokystlag.no\/index.php?rest_route=%2Fwp%2Fv2%2Fmedia&parent=41"}],"curies":[{"name":"wp","href":"https:\/\/api.w.org\/{rel}","templated":true}]}}